(-36)?
False
Suppose 0 = -237*b + 271*b - 562428. Does 66 divide b?
False
Let r(n) = 5*n**2 + n - 7. Let q be r(-5). Let o(z) = z**2 + 6*z - 131. Let j be o(9). Suppose q - 157 = -j*v. Does 6 divide v?
False
Let x = 659 + -655. Suppose -x*a + 2046 + 1770 = 0. Is a a multiple of 11?
False
Let j = -273 + 448. Suppose -3*w + j + 227 = 0. Does 4 divide w?
False
Is 204 a factor of (53 + 1)*(-9282)/(-21)?
True
Suppose 3*g - 3 = 3*r, 3 + 6 = 3*r. Suppose 0 = 2*a - 2*l - 22, 0*l = -4*a - g*l + 20. Suppose a*p = 47 + 241. Is 36 a factor of p?
True
Suppose u = -5*n + 239 + 32, 4*u + 4*n - 1052 = 0. Is u a multiple of 3?
True
Suppose 2*h - 2*w - 1167 = 1645, 0 = -h + 5*w + 1418. Is 61 a factor of h?
True
Let i be (-2 + 2 + 2)*(-6 + 7). Let c(x) = 2*x**3 - 5*x**2 + 4*x. Let g be c(i). Suppose -2*o + g*t - 38 = -3*o, 0 = 3*o - 5*t - 182. Does 9 divide o?
True
Let h(z) = 711*z**2 + 2*z - 3. Let s be h(1). Suppose -j = 2*l - 246, 7*l = 3*j + 6*l - s. Does 20 divide j?
False
Let i(d) = -31*d**2 + 2*d - 7. Let u be i(-5). Let p = u - -560. Let y = -163 - p. Is y a multiple of 11?
False
Suppose 4*o + 4*j - 69 = -o, 0 = -5*o + 2*j + 63. Let v(w) = w + 1. Let n(l) = l**3 - 13*l**2 + 13*l - 4. Let k(i) = n(i) - 5*v(i). Does 19 divide k(o)?
True
Suppose t + 1345 = -8*h + 12*h, 10 = 2*h. Let l = -927 - t. Does 23 divide l?
False
Let t(w) = w**3 + 13*w**2 + 13*w + 2. Let q = 31 + -37. Let k be (2/q)/((-68)/(-66) + -1). Is t(k) a multiple of 44?
False
Let k(r) = -71*r - 959. Let v(w) = 45*w + 639. Let q(d) = 5*k(d) + 8*v(d). Does 12 divide q(-25)?
True
Let w(o) = 28*o - 6*o - 8 - 42 - 92. Is w(17) a multiple of 30?
False
Suppose -2*z = -2*o + 4650, 2*o - 3*z - 4488 = 159. Does 27 divide o?
False
Suppose -4*y = -5*a + 69568, 31 - 17 = -2*y. Does 38 divide a?
True
Let z be 2/7 + ((-1112)/(-28) - -4). Suppose 3*w - m - 215 + 55 = 0, -w = 2*m - z. Does 8 divide w?
False
Let f(k) = -k**2 + 40*k. Let x be f(39). Suppose -x*v - 1080 = -45*v. Is v a multiple of 16?
False
Let o = 27 + -25. Suppose 12 - 10 = -o*c. Is 7 a factor of -7*(4/6)/(c/3)?
True
Let f(g) = -277*g + 3530. Does 6 divide f(-15)?
False
Suppose -431205 = 25*g - 114*g. Is g a multiple of 32?
False
Suppose -n + 2 = -42. Suppose -n = -6*h + 2476. Does 21 divide h?
True
Does 46 divide 992*((-4830)/(-56))/15?
True
Let h = 610 - 456. Let q = 2 + 2. Suppose 18 = -q*c + h. Is c a multiple of 15?
False
Let d be -5 + 176/36 - 4400/9. Let v = d - -755. Does 38 divide v?
True
Suppose 5*x + 6775 = 5*q, -5*x - 4033 = -2*x + 5*q. Let i = x + 2287. Is i a multiple of 7?
False
Let n(h) = -13*h + 39*h - 96 - 14 + 3*h. Is n(6) a multiple of 2?
True
Let i = 293 - 273. Suppose 0 = 4*r, 21*l - i*l - 696 = 5*r. Is 24 a factor of l?
True
Let a(i) = -i**2 + 18*i - 2. Let c be a(18). Let q be ((-1)/(-3))/(c/18). Let d(f) = 5*f**2 + 7*f + 10. Is 5 a factor of d(q)?
False
Let w(b) = b**3 - 4*b**2 + b - 4. Let q be w(4). Let m = -185 - -208. Suppose 4*p - 331 + m = q. Does 11 divide p?
True
Is 42 a factor of 1/(5/40200) - (-4 + 13)?
False
Suppose -62*c + 344960 = 2*c. Is c a multiple of 13?
False
Let t(k) = -4*k + 11. Let o be t(4). Let n be -3*(-3)/15*o. Does 4 divide (-52)/n - 2/6?
False
Suppose 5*x = -x - 108. Let q = 47 + x. Let n = q - -28. Does 10 divide n?
False
Suppose 6*h + 606 = 168. Let v = 22 - h. Does 6 divide v?
False
Let d = 263 - 261. Let l be (-1470)/4*(-4)/6. Suppose 2*p - 82 = -f + p, 3*f + d*p - l = 0. Is f a multiple of 9?
True
Let a be 0 - -722 - 54/9. Let j = a + -572. Is j a multiple of 15?
False
Let i(j) = 2*j**2 + 12*j + 14. Let l be i(-3). Is (-196 - 0)/(-2)*(-18)/l a multiple of 21?
True
Let x = -8902 - -13872. Is x a multiple of 13?
False
Suppose 4*z + 3*v - 35988 = -3570, -2*v + 32412 = 4*z. Does 10 divide z?
True
Let k = 31344 - 17349. Is k a multiple of 45?
True
Let x(v) = -2*v + 7. Let g be x(-24). Let l = 482 - g. Does 8 divide l?
False
Suppose -539580 = -37*k - 48*k. Is 107 a factor of k?
False
Let g be 1/(-9 + 14 + (-298)/60). Does 3 divide (4/g*3)/((-20)/(-5500))?
False
Let n = 58883 - 30860. Is 29 a factor of n?
False
Let p = 16324 - 9394. Is 165 a factor of p?
True
Let d(h) = h**3 + 2*h**2 - 2. Let z be d(0). Let w be z - 26/(-10) - 114/(-10). Suppose 162 = w*j - 3*j. Is 2 a factor of j?
True
Suppose -15*j - 62 = -13*j. Let u = 287 - j. Is 14 a factor of u?
False
Let v(z) = 21*z**3 - z**2 + z. Let g be v(2). Let h = g - 73. Does 5 divide h?
False
Let q = 10166 - 3692. Does 75 divide q?
False
Let w = -286 + 491. Is 9 + -5 + w + 0 a multiple of 26?
False
Let l = -208 + 212. Suppose 0 = l*o + 329 - 1609. Is 40 a factor of o?
True
Suppose 0 = a + 4, 0 = -4*o - 14*a + 15*a + 3644. Is 14 a factor of o?
True
Let g(i) = 56*i**2 - 48*i + 24. Does 38 divide g(7)?
True
Suppose 2*l + 14 + 22 = 3*r, 0 = -2*r + 5*l + 35. Let c be -3 - (-84)/9*(-14 + 20). Does 6 divide 8*c/r + (-2)/5?
True
Let f = 1131 - 918. Let m = -243 - -370. Let w = f - m. Is 40 a factor of w?
False
Let p(l) = l + 2. Let n(h) = -3*h + 3*h - 4*h + 3*h. Let g(x) = -3*n(x) + p(x). Is 25 a factor of g(12)?
True
Let b(f) be the third derivative of 0 + 25*f**2 - 1/8*f**4 + 2*f**3 + 0*f. Is b(-5) a multiple of 3?
True
Suppose -45*y + 47*y - 12 = 0. Suppose -11*x + y*x + 30 = 0. Suppose i + 5*n + x = 0, 0 = 2*i - 5*n - 2 - 46. Is i a multiple of 5?
False
Let l = 38 - 23. Suppose 4*s - 9*s = -l. Suppose 10 = s*v + 5*u, 2*v + 1 = -2*u + 13. Is 5 a factor of v?
True
Let s be (15/6)/1*124/10. Let q be 1/(-1 + 2) - (15 + s). Let m = 280 + q. Is m a multiple of 44?
False
Let m = 1136 - 490. Let f = m - 605. Does 11 divide f?
False
Let o(a) = -97*a - 91. Let u = 597 + -606. Is o(u) a multiple of 23?
True
Suppose 0 = -5*g - 4*j - 176894, 2*g - 6*g - 141516 = 4*j. Is 2/(-4) - g/76 a multiple of 15?
True
Suppose -v = -2*h - 1288, -2*h + v - 1292 = -2*v. Let t = 976 + h. Does 7 divide t?
False
Suppose -838 = -8*n + 1066. Suppose -42 = -4*m + n. Is 7 a factor of m?
True
Let r(w) = -w**3 + 17*w**2 + 25*w - 330. Does 50 divide r(16)?
False
Let t(r) = 2*r**3 - 4*r**2 + 3*r - 2. Let i be t(2). Suppose 5*d - 11 = -f + 9, -16 = -i*d. Does 19 divide (0 + (-2 - f))*-19?
True
Let f be (-42)/(-231) - (-4)/(-22). Suppose f = m + 5*m. Suppose m = -2*o - 15 + 23. Is 4 a factor of o?
True
Let w(f) = 2*f**2 - 3*f. Let n be w(2). Suppose 651 = z - 3*o, -n*z + 651 = -z + 4*o. Is z a multiple of 31?
True
Suppose 0 = -0*a - 7*a + 21. Is 10/25 + a/(45/1239) a multiple of 7?
False
Suppose 20*t - 22464 = 2*t. Suppose -14*y + 17*y - t = 0. Is 26 a factor of y?
True
Suppose 3*a - 128*t + 125*t = 30429, 3*a = -5*t + 30373. Is a a multiple of 3?
False
Let n = -4718 - -6318. Does 8 divide n?
True
Let q = -14992 - -26620. Is 171 a factor of q?
True
Let d(x) = 2*x**2 - 42*x + 128. Is d(24) a multiple of 34?
True
Suppose 139 = 2*o + q, -2 = -2*q - 0. Let s(v) = 9*v**2 + 16*v + 84. Let j be s(-4). Suppose 73*n - o*n = j. Does 13 divide n?
False
Let a(b) = b**2 - 74. Let v be a(-13). Suppose v + 45 = 5*s - 5*m, 5*s + 3*m = 140. Is s a multiple of 28?
True
Let t(p) = -20 - p**3 + 46 - 1079*p + 526*p + 27*p**2 + 538*p. Is 39 a factor of t(26)?
True
Let n(t) = 2*t**2 + 15*t - 12. Let f be n(-9). Let k be 591/f + (-4)/10. Let q = -14 + k. Does 25 divide q?
True
Let h(q) = q**3 - 4*q**2 - 2*q + 7. Let u be h(8). Suppose -9*x + 23 = -u. Is x a multiple of 2?
True
Is -5 + 3139 - (-24 + 20) a multiple of 6?
True
Suppose -1 = 4*p - 5. Let b be (8/(4/2) - p)/1. Suppose -b*c - 160 = -7*c. Does 7 divide c?
False
Let p(r) = r**3 - 118*r**2 - 406*r - 400. Is p(122) a multiple of 28?
True
Let a(z) = -600*z. Let s be a(-1). Suppose s = 2*f - 5*o + 3*o, -5*f + 3*o = -1490. Is f a multiple of 26?
False
Let s(b) be the second derivative of b**4/2 - 32*b + 4. Is 11 a factor of s(-11)?
True
Let p(d) = d + 4. Suppose 10*z + 12 = -48. Let n be p(z). Is 69/(-2 - -3) - (-2)/n a multiple of 4?
True
Let s = 13322 - 2550. Is s a multiple of 46?
False
Let h be (-5)/20*4 - 5. Let y(p) = p**3 + 8*p**2 - 13*p - 21. Is y(h) a multiple of 7?
False
Does 79 divide -24 + 13 + 50096 + (5 - 4)?
True
Let x be ((-135)/10)/((-2)/20). Let z be (-3)/4 + x/36. Suppose 2*v + z*v = 645. Is 19 a factor of v?
False
Let o(h) = 15*h - 85. Suppose -19*x + 9*x = -80. Is o(x) a multiple of 5?
True
Let g(z) = 2*z**3 - 10*z**2 + 13*z - 9. Let k